{"id":1165,"date":"2022-12-19T15:10:33","date_gmt":"2022-12-19T08:10:33","guid":{"rendered":"https:\/\/timhieutinlanh.com\/thanhoc\/?page_id=1165"},"modified":"2024-04-03T16:22:44","modified_gmt":"2024-04-03T09:22:44","slug":"tim-bai-tu-cu-den-moi","status":"publish","type":"page","link":"https:\/\/timhieutinlanh.com\/thanhoc\/tim-bai-tu-cu-den-moi\/","title":{"rendered":"T\u00ecm B\u00e0i t\u1eeb C\u0169 \u0111\u1ebfn M\u1edbi"},"content":{"rendered":"<ul class=\"lcp_catlist\" id=\"lcp_instance_0\"><li><a href=\"https:\/\/timhieutinlanh.com\/thanhoc\/bien-nien-su-hoi-thanh-the-ky-thu-nhat-12\/\">Bi\u00ean Ni\u00ean S\u1eed H\u1ed9i Th\u00e1nh: Th\u1ebf K\u1ef7 Th\u1ee9 Nh\u1ea5t<\/a><\/li><li><a href=\"https:\/\/timhieutinlanh.com\/thanhoc\/nguoi-thien-quoc-cuoc-vuot-nguc-la-lung-15\/\">Ng\u01b0\u1eddi Thi\u00ean Qu\u1ed1c: Cu\u1ed9c V\u01b0\u1ee3t Ng\u1ee5c L\u1ea1 L\u00f9ng<\/a><\/li><li><a href=\"https:\/\/timhieutinlanh.com\/thanhoc\/gioi-thieu-tac-pham-nguoi-thien-quoc-16\/\">Gi\u1edbi Thi\u1ec7u T\u00e1c Ph\u1ea9m: Ng\u01b0\u1eddi Thi\u00ean Qu\u1ed1c<\/a><\/li><li><a href=\"https:\/\/timhieutinlanh.com\/thanhoc\/lich-su-tien-cai-chanh-cua-cac-an-ban-thanh-kinh-27\/\">L\u1ecbch S\u1eed Ti\u1ec1n C\u1ea3i Ch\u00e1nh c\u1ee7a C\u00e1c \u1ea4n B\u1ea3n Th\u00e1nh Kinh<\/a><\/li><li><a href=\"https:\/\/timhieutinlanh.com\/thanhoc\/quan-he-giua-hoi-thanh-va-chinh-quyen-72\/\">Quan H\u1ec7 Gi\u1eefa H\u1ed9i Th\u00e1nh v\u00e0 Ch\u00ednh Quy\u1ec1n<\/a><\/li><li><a href=\"https:\/\/timhieutinlanh.com\/thanhoc\/sach-khai-huyen-mac-khai-cuoi-cung-77\/\">S\u00e1ch Kh\u1ea3i Huy\u1ec1n: M\u1ea1c Kh\u1ea3i Cu\u1ed1i C\u00f9ng<\/a><\/li><li><a href=\"https:\/\/timhieutinlanh.com\/thanhoc\/muoi-hai-le-that-ve-dieu-ran-va-luat-phap-cua-duc-chua-troi-260\/\">M\u01b0\u1eddi Hai L\u1ebd Th\u1eadt V\u1ec1 \u0110i\u1ec1u R\u0103n v\u00e0 Lu\u1eadt Ph\u00e1p c\u1ee7a \u0110\u1ee9c Ch\u00faa Tr\u1eddi<\/a><\/li><li><a href=\"https:\/\/timhieutinlanh.com\/thanhoc\/muoi-hai-tu-ngu-lien-quan-den-dieu-ran-va-luat-phap-261\/\">M\u01b0\u1eddi Hai T\u1eeb Ng\u1eef  Li\u00ean Quan \u0110\u1ebfn \u0110i\u1ec1u R\u0103n v\u00e0 Lu\u1eadt Ph\u00e1p<\/a><\/li><li><a href=\"https:\/\/timhieutinlanh.com\/thanhoc\/lich-su-giu-ngay-sa-bat-cua-hoi-thanh\/\">L\u1ecbch S\u1eed Gi\u1eef Ng\u00e0y Sa-b\u00e1t c\u1ee7a H\u1ed9i Th\u00e1nh<\/a><\/li><li><a href=\"https:\/\/timhieutinlanh.com\/thanhoc\/diem-chua-den-va-tan-the-263\/\">\u0110i\u1ec1m Ch\u00faa \u0110\u1ebfn v\u00e0 T\u1eadn Th\u1ebf<\/a><\/li><li><a href=\"https:\/\/timhieutinlanh.com\/thanhoc\/ba-phuong-dien-cua-su-cuu-roi-su-xung-nghia-su-tai-sinh-va-su-thanh-hoa-264\/\">Ba Ph\u01b0\u01a1ng Di\u1ec7n c\u1ee7a S\u1ef1 C\u1ee9u R\u1ed7i: S\u1ef1 X\u01b0ng Ngh\u0129a, S\u1ef1 T\u00e1i Sinh, v\u00e0 S\u1ef1 Th\u00e1nh H\u00f3a<\/a><\/li><li><a href=\"https:\/\/timhieutinlanh.com\/thanhoc\/y-nghia-cua-mot-so-cau-thanh-kinh-lien-quan-den-su-tai-sinh-va-su-thanh-hoa-265\/\">\u00dd Ngh\u0129a c\u1ee7a M\u1ed9t S\u1ed1 C\u00e2u Th\u00e1nh Kinh Li\u00ean Quan \u0111\u1ebfn S\u1ef1 T\u00e1i Sinh v\u00e0 S\u1ef1 Th\u00e1nh H\u00f3a<\/a><\/li><li><a href=\"https:\/\/timhieutinlanh.com\/thanhoc\/cac-ngay-le-cua-dang-tu-huu-hang-huu-267\/\">C\u00e1c Ng\u00e0y L\u1ec5 c\u1ee7a \u0110\u1ea5ng T\u1ef1 H\u1eefu H\u1eb1ng H\u1eefu<\/a><\/li><li><a href=\"https:\/\/timhieutinlanh.com\/thanhoc\/thien-tuong-trong-nam-2011-268\/\">Thi\u00ean T\u01b0\u1ee3ng Trong N\u0103m 2011<\/a><\/li><li><a href=\"https:\/\/timhieutinlanh.com\/thanhoc\/hinh-tuong-va-than-tuong-269\/\">H\u00ecnh T\u01b0\u1ee3ng v\u00e0 Th\u1ea7n T\u01b0\u1ee3ng<\/a><\/li><li><a href=\"https:\/\/timhieutinlanh.com\/thanhoc\/jesus-christ-va-christ-jesus\/\">Jesus Christ v\u00e0 Christ Jesus<\/a><\/li><li><a href=\"https:\/\/timhieutinlanh.com\/thanhoc\/su-cuu-roi-va-su-song-doi-doi-271\/\">S\u1ef1 C\u1ee9u R\u1ed7i v\u00e0 S\u1ef1 S\u1ed1ng \u0110\u1eddi \u0110\u1eddi<\/a><\/li><li><a href=\"https:\/\/timhieutinlanh.com\/thanhoc\/nguoi-cho-pham-toi-giet-nguoi-273\/\">Ng\u01b0\u01a1i Ch\u1edb Ph\u1ea1m T\u1ed9i Gi\u1ebft Ng\u01b0\u1eddi<\/a><\/li><li><a href=\"https:\/\/timhieutinlanh.com\/thanhoc\/nguoi-cho-pham-toi-ngoai-tinh-274\/\">Ng\u01b0\u01a1i Ch\u1edb Ph\u1ea1m T\u1ed9i Ngo\u1ea1i T\u00ecnh<\/a><\/li><li><a href=\"https:\/\/timhieutinlanh.com\/thanhoc\/su-yeu-thuong-va-su-doan-xet-276\/\">S\u1ef1 Y\u00eau Th\u01b0\u01a1ng v\u00e0 S\u1ef1 \u0110o\u00e1n X\u00e9t<\/a><\/li><li><a href=\"https:\/\/timhieutinlanh.com\/thanhoc\/nguoi-cho-trom-cap-277\/\">Ng\u01b0\u01a1i Ch\u1edb Tr\u1ed9m C\u1eafp<\/a><\/li><li><a href=\"https:\/\/timhieutinlanh.com\/thanhoc\/nguoi-cho-noi-chung-doi-278\/\">Ng\u01b0\u01a1i Ch\u1edb N\u00f3i Ch\u1ee9ng D\u1ed1i<\/a><\/li><li><a href=\"https:\/\/timhieutinlanh.com\/thanhoc\/nguoi-cho-ham-muon-279\/\">Ng\u01b0\u01a1i Ch\u1edb Ham Mu\u1ed1n&#8230;<\/a><\/li><li><a href=\"https:\/\/timhieutinlanh.com\/thanhoc\/thoi-ky-chua-den-292\/\">Th\u1eddi K\u1ef3 Ch\u00faa \u0110\u1ebfn<\/a><\/li><li><a href=\"https:\/\/timhieutinlanh.com\/thanhoc\/ban-tho-thien-chua-293\/\">B\u00e0n Th\u1edd Thi\u00ean Ch\u00faa<\/a><\/li><li><a href=\"https:\/\/timhieutinlanh.com\/thanhoc\/duc-tin-thuc-dung-294\/\">\u0110\u1ee9c Tin Th\u1ef1c D\u1ee5ng<\/a><\/li><li><a href=\"https:\/\/timhieutinlanh.com\/thanhoc\/duc-tin-the-hien-qua-viec-lam-295\/\">\u0110\u1ee9c Tin Th\u1ec3 Hi\u1ec7n Qua Vi\u1ec7c l\u00e0m<\/a><\/li><li><a href=\"https:\/\/timhieutinlanh.com\/thanhoc\/loai-nguoi-1-nguon-goc\/\">Lo\u00e0i Ng\u01b0\u1eddi (01): Ngu\u1ed3n G\u1ed1c<\/a><\/li><li><a href=\"https:\/\/timhieutinlanh.com\/thanhoc\/loai-nguoi-2-linh-hon-297\/\">Lo\u00e0i Ng\u01b0\u1eddi (02): Linh H\u1ed3n<\/a><\/li><li><a href=\"https:\/\/timhieutinlanh.com\/thanhoc\/loai-nguoi-3-tam-than-298\/\">Lo\u00e0i Ng\u01b0\u1eddi (03): T\u00e2m Th\u1ea7n<\/a><\/li><li><a href=\"https:\/\/timhieutinlanh.com\/thanhoc\/loai-nguoi-04-mot-so-cau-thanh-kinh-lien-quan-den-tam-than-ky-1-299\/\">Lo\u00e0i Ng\u01b0\u1eddi (04): M\u1ed9t S\u1ed1 C\u00e2u Th\u00e1nh Kinh Li\u00ean Quan \u0111\u1ebfn T\u00e2m Th\u1ea7n &#8211; K\u1ef3 1<\/a><\/li><li><a href=\"https:\/\/timhieutinlanh.com\/thanhoc\/loai-nguoi-05-mot-so-cau-thanh-kinh-lien-quan-den-tam-than-ky-2-300\/\">Lo\u00e0i Ng\u01b0\u1eddi (05): M\u1ed9t S\u1ed1 C\u00e2u Th\u00e1nh Kinh Li\u00ean Quan \u0111\u1ebfn T\u00e2m Th\u1ea7n &#8211; K\u1ef3 2<\/a><\/li><li><a href=\"https:\/\/timhieutinlanh.com\/thanhoc\/loai-nguoi-06-mot-so-cau-thanh-kinh-lien-quan-den-tam-than-ky-3-301\/\">Lo\u00e0i Ng\u01b0\u1eddi (06): M\u1ed9t S\u1ed1 C\u00e2u Th\u00e1nh Kinh Li\u00ean Quan \u0111\u1ebfn T\u00e2m Th\u1ea7n &#8211; K\u1ef3 3<\/a><\/li><li><a href=\"https:\/\/timhieutinlanh.com\/thanhoc\/loai-nguoi-07-nhu-hinh-thien-chua-giong-nhu-thien-chua-302\/\">Lo\u00e0i Ng\u01b0\u1eddi (07): Nh\u01b0 H\u00ecnh Thi\u00ean Ch\u00faa, Gi\u1ed1ng Nh\u01b0 Thi\u00ean Ch\u00faa<\/a><\/li><li><a href=\"https:\/\/timhieutinlanh.com\/thanhoc\/loai-nguoi-08-xac-thit-303\/\">Lo\u00e0i Ng\u01b0\u1eddi (08): X\u00e1c Th\u1ecbt<\/a><\/li><li><a href=\"https:\/\/timhieutinlanh.com\/thanhoc\/loai-nguoi-09-duoc-dung-nen-moi-trong-dang-christ-305\/\">Lo\u00e0i Ng\u01b0\u1eddi (09): \u0110\u01b0\u1ee3c D\u1ef1ng N\u00ean M\u1edbi Trong \u0110\u1ea5ng Christ<\/a><\/li><li><a href=\"https:\/\/timhieutinlanh.com\/thanhoc\/loai-nguoi-10-qua-khu-hien-tai-va-tuong-lai\/\">Lo\u00e0i Ng\u01b0\u1eddi (10): Qu\u00e1 Kh\u1ee9, Hi\u1ec7n T\u1ea1i, v\u00e0 T\u01b0\u01a1ng Lai<\/a><\/li><li><a href=\"https:\/\/timhieutinlanh.com\/thanhoc\/ngay-chua-chet-va-ngay-chua-phuc-sinh\/\">Ng\u00e0y Ch\u00faa Ch\u1ebft v\u00e0 Ng\u00e0y Ch\u00faa Ph\u1ee5c Sinh<\/a><\/li><li><a href=\"https:\/\/timhieutinlanh.com\/thanhoc\/con-trai-cua-thien-chua\/\">Con Trai c\u1ee7a Thi\u00ean Ch\u00faa<\/a><\/li><li><a href=\"https:\/\/timhieutinlanh.com\/thanhoc\/hoi-thanh-phan-1-ten-goi-y-nghia-dac-tinh\/\">H\u1ed9i Th\u00e1nh &#8211; Ph\u1ea7n 01: T\u00ean G\u1ecdi, \u00dd Ngh\u0129a, \u0110\u1eb7c T\u00ednh<\/a><\/li><li><a href=\"https:\/\/timhieutinlanh.com\/thanhoc\/hoi-thanh-phan-2-nen-tang-va-thien-chuc\/\">H\u1ed9i Th\u00e1nh &#8211; Ph\u1ea7n 02: N\u1ec1n T\u1ea3ng v\u00e0 Thi\u00ean Ch\u1ee9c<\/a><\/li><li><a href=\"https:\/\/timhieutinlanh.com\/thanhoc\/thien-chua-loi-noi-dau\/\">Thi\u00ean Ch\u00faa: 000_L\u1eddi N\u00f3i \u0110\u1ea7u<\/a><\/li><li><a href=\"https:\/\/timhieutinlanh.com\/thanhoc\/hoi-thanh-phan-3-cac-chuc-vu-chuc-vu-su-do\/\">H\u1ed9i Th\u00e1nh &#8211; Ph\u1ea7n 03: C\u00e1c Ch\u1ee9c V\u1ee5 &#8211; Ch\u1ee9c V\u1ee5 S\u1ee9 \u0110\u1ed3<\/a><\/li><li><a href=\"https:\/\/timhieutinlanh.com\/thanhoc\/thien-chua-001_khai-niem-va-duc-tin\/\">Thi\u00ean Ch\u00faa: 001_Kh\u00e1i Ni\u1ec7m v\u00e0 \u0110\u1ee9c Tin<\/a><\/li><li><a href=\"https:\/\/timhieutinlanh.com\/thanhoc\/loai-nguoi-12-thao-luan-than-hoc\/\">Lo\u00e0i Ng\u01b0\u1eddi (12): Th\u1ea3o Lu\u1eadn Th\u1ea7n H\u1ecdc<\/a><\/li><li><a href=\"https:\/\/timhieutinlanh.com\/thanhoc\/002_thien-chua-thanh-kinh\/\">Thi\u00ean Ch\u00faa: 002_Th\u00e1nh Kinh<\/a><\/li><li><a href=\"https:\/\/timhieutinlanh.com\/thanhoc\/loai-nguoi-11-thao-luan-ve-linh-hon-va-su-chet-doi-doi\/\">Lo\u00e0i Ng\u01b0\u1eddi (11): Th\u1ea3o Lu\u1eadn v\u1ec1 Linh H\u1ed3n v\u00e0 S\u1ef1 Ch\u1ebft \u0110\u1eddi \u0110\u1eddi<\/a><\/li><li><a href=\"https:\/\/timhieutinlanh.com\/thanhoc\/thien-chua-003_e-lo-him\/\">Thi\u00ean Ch\u00faa: 003_\u00ca-l\u00f4-him<\/a><\/li><li><a href=\"https:\/\/timhieutinlanh.com\/thanhoc\/hoi-thanh-phan-4-chuc-vu-tien-tri\/\">H\u1ed9i Th\u00e1nh &#8211; Ph\u1ea7n 04: Ch\u1ee9c V\u1ee5 Ti\u00ean Tri<\/a><\/li><li><a href=\"https:\/\/timhieutinlanh.com\/thanhoc\/hoi-thanh-phan-5-chuc-vu-day-dao\/\">H\u1ed9i Th\u00e1nh &#8211; Ph\u1ea7n 05: Ch\u1ee9c V\u1ee5 D\u1ea1y \u0110\u1ea1o<\/a><\/li><li><a href=\"https:\/\/timhieutinlanh.com\/thanhoc\/thien-chua-004_mot-thien-chua-ba-ngoi\/\">Thi\u00ean Ch\u00faa: 004_M\u1ed9t Thi\u00ean Ch\u00faa Ba Ng\u00f4i<\/a><\/li><li><a href=\"https:\/\/timhieutinlanh.com\/thanhoc\/hoi-thanh-phan-6-chuc-vu-chan-bay\/\">H\u1ed9i Th\u00e1nh &#8211; Ph\u1ea7n 06: Ch\u1ee9c V\u1ee5 Ch\u0103n B\u1ea7y<\/a><\/li><li><a href=\"https:\/\/timhieutinlanh.com\/thanhoc\/hoi-thanh-phan-7-truong-lao-giam-muc-nguoi-chan\/\">H\u1ed9i Th\u00e1nh &#8211; Ph\u1ea7n 07: Tr\u01b0\u1edfng L\u00e3o, Gi\u00e1m M\u1ee5c, Ng\u01b0\u1eddi Ch\u0103n<\/a><\/li><li><a href=\"https:\/\/timhieutinlanh.com\/thanhoc\/thien-chua-005-dang-tu-huu-hang-huu\/\">Thi\u00ean Ch\u00faa: 005 \u0110\u1ea5ng T\u1ef1 H\u1eefu H\u1eb1ng H\u1eefu<\/a><\/li><li><a href=\"https:\/\/timhieutinlanh.com\/thanhoc\/hoi-thanh-phan-8-chuc-vu-chap-su-va-cac-chuc-vu-khac\/\">H\u1ed9i Th\u00e1nh &#8211; Ph\u1ea7n 08: Ch\u1ee9c V\u1ee5 Ch\u1ea5p S\u1ef1 v\u00e0 C\u00e1c Ch\u1ee9c V\u1ee5 Kh\u00e1c<\/a><\/li><li><a href=\"https:\/\/timhieutinlanh.com\/thanhoc\/hoi-thanh-phan-9-cac-an-tu\/\">H\u1ed9i Th\u00e1nh &#8211; Ph\u1ea7n 09: C\u00e1c \u00c2n T\u1ee9<\/a><\/li><li><a href=\"https:\/\/timhieutinlanh.com\/thanhoc\/hoi-thanh-10-hoi-thanh-tai-dia-phuong\/\">H\u1ed9i Th\u00e1nh &#8211; Ph\u1ea7n 10: H\u1ed9i Th\u00e1nh t\u1ea1i \u0110\u1ecba Ph\u01b0\u01a1ng<\/a><\/li><li><a href=\"https:\/\/timhieutinlanh.com\/thanhoc\/hoi-thanh-phan-11-su-nhom-hiep-va-su-dang-hien\/\">H\u1ed9i Th\u00e1nh &#8211; Ph\u1ea7n 11: S\u1ef1 Nh\u00f3m Hi\u1ec7p v\u00e0 S\u1ef1 D\u00e2ng Hi\u1ebfn<\/a><\/li><li><a href=\"https:\/\/timhieutinlanh.com\/thanhoc\/hoi-thanh-phan-12-cac-tin-ly-can-ban\/\">H\u1ed9i Th\u00e1nh &#8211; Ph\u1ea7n 12: C\u00e1c T\u00edn L\u00fd C\u0103n B\u1ea3n<\/a><\/li><li><a href=\"https:\/\/timhieutinlanh.com\/thanhoc\/hoi-thanh-phan-13-le-sa-bat\/\">H\u1ed9i Th\u00e1nh &#8211; Ph\u1ea7n 13: L\u1ec5 Sa-b\u00e1t<\/a><\/li><li><a href=\"https:\/\/timhieutinlanh.com\/thanhoc\/hoi-thanh-phan-14-le-tiec-thanh\/\">H\u1ed9i Th\u00e1nh &#8211; Ph\u1ea7n 14: L\u1ec5 Ti\u1ec7c Th\u00e1nh<\/a><\/li><li><a href=\"https:\/\/timhieutinlanh.com\/thanhoc\/hoi-thanh-phan-15-le-bap-tem\/\">H\u1ed9i Th\u00e1nh &#8211; Ph\u1ea7n 15: L\u1ec5 B\u00e1p-tem<\/a><\/li><li><a href=\"https:\/\/timhieutinlanh.com\/thanhoc\/hoi-thanh-phan-16-cac-le-nghi-khac\/\">H\u1ed9i Th\u00e1nh &#8211; Ph\u1ea7n 16: C\u00e1c L\u1ec5 Nghi Kh\u00e1c<\/a><\/li><li><a href=\"https:\/\/timhieutinlanh.com\/thanhoc\/hoi-thanh-phan-17-giang-tin-lanh\/\">H\u1ed9i Th\u00e1nh &#8211; Ph\u1ea7n 17: Gi\u1ea3ng Tin L\u00e0nh<\/a><\/li><li><a href=\"https:\/\/timhieutinlanh.com\/thanhoc\/hoi-thanh-phan-18-mon-do-hoa-muon-dan\/\">H\u1ed9i Th\u00e1nh &#8211; Ph\u1ea7n 18: M\u00f4n \u0110\u1ed3 H\u00f3a Mu\u00f4n D\u00e2n<\/a><\/li><li><a href=\"https:\/\/timhieutinlanh.com\/thanhoc\/bap-tem-vao-trong-danh-cua-ba-ngoi-thien-chua\/\">B\u00e1p-tem v\u00e0o Trong Danh c\u1ee7a Ba Ng\u00f4i Thi\u00ean Ch\u00faa<\/a><\/li><li><a href=\"https:\/\/timhieutinlanh.com\/thanhoc\/chien-con-cua-duc-chua-troi-va-sinh-te-cua-le-vuot-qua\/\">Chi\u00ean Con c\u1ee7a \u0110\u1ee9c Ch\u00faa Tr\u1eddi v\u00e0 Sinh T\u1ebf c\u1ee7a L\u1ec5 V\u01b0\u1ee3t Qua<\/a><\/li><li><a href=\"https:\/\/timhieutinlanh.com\/thanhoc\/banh-khong-men-va-le-banh-khong-men\/\">B\u00e1nh Kh\u00f4ng Men v\u00e0 L\u1ec5 B\u00e1nh Kh\u00f4ng Men<\/a><\/li><li><a href=\"https:\/\/timhieutinlanh.com\/thanhoc\/chu-thi-giet-nhung-dang-than-linh-thi-ban-su-song\/\">Ch\u1eef Th\u00ec Gi\u1ebft Nh\u01b0ng \u0110\u1ea5ng Th\u1ea7n Linh Th\u00ec Ban S\u1ef1 S\u1ed1ng<\/a><\/li><li><a href=\"https:\/\/timhieutinlanh.com\/thanhoc\/le-vuot-qua\/\">L\u1ec5 V\u01b0\u1ee3t Qua<\/a><\/li><li><a href=\"https:\/\/timhieutinlanh.com\/thanhoc\/le-banh-khong-men\/\">L\u1ec5 B\u00e1nh Kh\u00f4ng Men<\/a><\/li><li><a href=\"https:\/\/timhieutinlanh.com\/thanhoc\/su-thuc-huu-cua-chung-ta\/\">S\u1ef1 Th\u1ef1c H\u1eefu c\u1ee7a Ch\u00fang Ta<\/a><\/li><li><a href=\"https:\/\/timhieutinlanh.com\/thanhoc\/nghe-mp3-bai-giang-moi-moi-tuan\/\">Nghe MP3 B\u00e0i Gi\u1ea3ng M\u1edbi M\u1ed7i Tu\u1ea7n (2018)<\/a><\/li><li><a href=\"https:\/\/timhieutinlanh.com\/thanhoc\/thoi-diem-cua-le-phuc-sinh-va-le-ngu-tuan\/\">Th\u1eddi \u0110i\u1ec3m c\u1ee7a L\u1ec5 Ph\u1ee5c Sinh v\u00e0 L\u1ec5 Ng\u0169 Tu\u1ea7n<\/a><\/li><li><a href=\"https:\/\/timhieutinlanh.com\/thanhoc\/ngay-sinh-cua-duc-chua-jesus\/\">Ng\u00e0y Sinh c\u1ee7a \u0110\u1ee9c Ch\u00faa Jesus<\/a><\/li><li><a href=\"https:\/\/timhieutinlanh.com\/thanhoc\/cac-giao-uoc-cua-duc-chua-troi\/\">C\u00e1c Giao \u01af\u1edbc c\u1ee7a \u0110\u1ee9c Ch\u00faa Tr\u1eddi<\/a><\/li><li><a href=\"https:\/\/timhieutinlanh.com\/thanhoc\/nghe-mp3-bai-giang-moi-moi-tuan-2019\/\">Nghe MP3 B\u00e0i Gi\u1ea3ng M\u1edbi M\u1ed7i Tu\u1ea7n (2019)<\/a><\/li><li><a href=\"https:\/\/timhieutinlanh.com\/thanhoc\/vai-gia-thuyet-lien-quan-den-su-chet-va-su-song-lai-cua-duc-chua-jesus-christ\/\">V\u00e0i Gi\u1ea3 Thuy\u1ebft Li\u00ean Quan \u0111\u1ebfn S\u1ef1 Ch\u1ebft v\u00e0 S\u1ef1 S\u1ed1ng L\u1ea1i c\u1ee7a \u0110\u1ee9c Ch\u00faa Jesus Christ<\/a><\/li><li><a href=\"https:\/\/timhieutinlanh.com\/thanhoc\/ngay-chua-den\/\">Ng\u00e0y Ch\u00faa \u0110\u1ebfn<\/a><\/li><li><a href=\"https:\/\/timhieutinlanh.com\/thanhoc\/chuc-mung-nam-moi-2020\/\">Ch\u00fac M\u1eebng N\u0103m M\u1edbi 2020<\/a><\/li><li><a href=\"https:\/\/timhieutinlanh.com\/thanhoc\/nghe-bai-giang-va-thanh-ca-moi-moi-tuan-2020\/\">Nghe B\u00e0i Gi\u1ea3ng v\u00e0 Th\u00e1nh Ca M\u1edbi M\u1ed7i Tu\u1ea7n (2020)<\/a><\/li><li><a href=\"https:\/\/timhieutinlanh.com\/thanhoc\/ky-tan-the-va-nam-2027\/\">K\u1ef3 T\u1eadn Th\u1ebf v\u00e0 N\u0103m 2027<\/a><\/li><li><a href=\"https:\/\/timhieutinlanh.com\/thanhoc\/than-hoc-su-thuc-huu-su-song-su-chet-su-song-lai-su-vinh-cuu\/\">Th\u1ea7n H\u1ecdc, S\u1ef1 Th\u1ef1c H\u1eefu, S\u1ef1 S\u1ed1ng, S\u1ef1 Ch\u1ebft, S\u1ef1 S\u1ed1ng L\u1ea1i, S\u1ef1 V\u0129nh C\u1eedu<\/a><\/li><li><a href=\"https:\/\/timhieutinlanh.com\/thanhoc\/nghe-bai-giang-va-thanh-ca-moi-moi-tuan-2021\/\">Nghe B\u00e0i Gi\u1ea3ng v\u00e0 Th\u00e1nh Ca M\u1edbi M\u1ed7i Tu\u1ea7n (2021)<\/a><\/li><li><a href=\"https:\/\/timhieutinlanh.com\/thanhoc\/le-dang-bo-lua-dau-mua-va-su-den-cua-dang-christ\/\">L\u1ec5 D\u00e2ng B\u00f3 L\u00faa \u0110\u1ea7u M\u00f9a v\u00e0 S\u1ef1 \u0110\u1ebfn c\u1ee7a \u0110\u1ea5ng Christ<\/a><\/li><li><a href=\"https:\/\/timhieutinlanh.com\/thanhoc\/y-nghia-cua-su-hien-dien-su-ngu-trong-su-o-trong-va-su-hiep-mot\/\">\u00dd Ngh\u0129a c\u1ee7a S\u1ef1 Hi\u1ec7n Di\u1ec7n, S\u1ef1 Ng\u1ef1 Trong, S\u1ef1 \u1ede Trong, v\u00e0 S\u1ef1 Hi\u1ec7p M\u1ed9t<\/a><\/li><li><a href=\"https:\/\/timhieutinlanh.com\/thanhoc\/nghe-bai-giang-moi-thanh-ca-moi-moi-tuan-2024\/\">Nghe B\u00e0i Gi\u1ea3ng M\u1edbi &#038; Th\u00e1nh Ca M\u1edbi M\u1ed7i Tu\u1ea7n (2024)<\/a><\/li><li><a href=\"https:\/\/timhieutinlanh.com\/thanhoc\/su-bien-hoa-va-su-song-lai-cua-than-the-xac-thit\/\">S\u1ef1 Bi\u1ebfn H\u00f3a v\u00e0 S\u1ef1 S\u1ed1ng L\u1ea1i c\u1ee7a Th\u00e2n Th\u1ec3 X\u00e1c Th\u1ecbt<\/a><\/li><li><a href=\"https:\/\/timhieutinlanh.com\/thanhoc\/chuc-mung-nam-moi-2022\/\">Ch\u00fac M\u1eebng N\u0103m M\u1edbi 2022<\/a><\/li><li><a href=\"https:\/\/timhieutinlanh.com\/thanhoc\/ngay-thu-bay-sa-bat-va-cac-ky-le-hoi\/\">Ng\u00e0y Th\u1ee9 B\u1ea3y Sa-b\u00e1t v\u00e0 C\u00e1c K\u1ef3 L\u1ec5 H\u1ed9i<\/a><\/li><li><a href=\"https:\/\/timhieutinlanh.com\/thanhoc\/ngay-trang-moi\/\">Ng\u00e0y Tr\u0103ng M\u1edbi<\/a><\/li><li><a href=\"https:\/\/timhieutinlanh.com\/thanhoc\/chuc-mung-nam-moi-2023\/\">Ch\u00fac M\u1eebng N\u0103m M\u1edbi 2023<\/a><\/li><li><a href=\"https:\/\/timhieutinlanh.com\/thanhoc\/toi-loi-va-su-pham-toi\/\">T\u1ed9i L\u1ed7i v\u00e0 S\u1ef1 Ph\u1ea1m T\u1ed9i<\/a><\/li><li><a href=\"https:\/\/timhieutinlanh.com\/thanhoc\/le-trang-moi\/\">L\u1ec5 Tr\u0103ng M\u1edbi<\/a><\/li><li><a href=\"https:\/\/timhieutinlanh.com\/thanhoc\/mung-xuan-2024\/\">M\u1eebng Xu\u00e2n 2024<\/a><\/li><li><a href=\"https:\/\/timhieutinlanh.com\/thanhoc\/le-thoi-ken\/\">L\u1ec5 Th\u1ed5i K\u00e8n<\/a><\/li><li><a href=\"https:\/\/timhieutinlanh.com\/thanhoc\/cua-le-thieu\/\">C\u1ee7a L\u1ec5 Thi\u00eau<\/a><\/li><li><a href=\"https:\/\/timhieutinlanh.com\/thanhoc\/cac-dau-la-truoc-ngay-dang-christ-den\/\">C\u00e1c D\u1ea5u L\u1ea1 Tr\u01b0\u1edbc Ng\u00e0y \u0110\u1ea5ng Christ \u0110\u1ebfn<\/a><\/li><li><a href=\"https:\/\/timhieutinlanh.com\/thanhoc\/bon-ky-trang-mau-trong-cac-ky-le-hoi-cua-thanh-kinh\/\">B\u1ed1n K\u1ef3 Tr\u0103ng M\u00e1u Trong C\u00e1c K\u1ef3 L\u1ec5 H\u1ed9i c\u1ee7a Th\u00e1nh Kinh<\/a><\/li><li><a href=\"https:\/\/timhieutinlanh.com\/thanhoc\/su-dang-sinh-te-con-bo-cai-sac-hoe-trong-nam-2024\/\">S\u1ef1 D\u00e2ng Sinh T\u1ebf Con B\u00f2 C\u00e1i S\u1eafc Hoe Trong N\u0103m 2024<\/a><\/li><li><a href=\"https:\/\/timhieutinlanh.com\/thanhoc\/le-thoi-ken-va-su-trong-cay-hanh-phuc\/\">L\u1ec5 Th\u1ed5i K\u00e8n v\u00e0 S\u1ef1 Tr\u00f4ng C\u1eady H\u1ea1nh Ph\u00fac<\/a><\/li><li><a href=\"https:\/\/timhieutinlanh.com\/thanhoc\/ve-nhung-giac-mo-va-nhung-khai-tuong-an-chung-loi-cong-bo-duc-chua-jesus-se-den-vao-ky-le-thoi-ken-2025\/\">V\u1ec1 Nh\u1eefng Gi\u1ea5c M\u01a1 v\u00e0 Nh\u1eefng Kh\u1ea3i T\u01b0\u1ee3ng \u1ea4n Ch\u1ee9ng L\u1eddi C\u00f4ng B\u1ed1 \u0110\u1ee9c Ch\u00faa Jesus S\u1ebd \u0110\u1ebfn v\u00e0o K\u1ef3 L\u1ec5 Th\u1ed5i K\u00e8n 2025<\/a><\/li><li><a href=\"https:\/\/timhieutinlanh.com\/thanhoc\/nhan-dinh-va-duc-ket-ve-loi-tien-tri-chua-den-trong-nam-2025\/\">Nh\u1eadn \u0110\u1ecbnh v\u00e0 \u0110\u00fac K\u1ebft v\u1ec1 L\u1eddi Ti\u00ean Tri Ch\u00faa \u0110\u1ebfn Trong N\u0103m 2025<\/a><\/li><li><a href=\"https:\/\/timhieutinlanh.com\/thanhoc\/loi-tuyen-bo-ve-mot-so-le-that-cua-thanh-kinh\/\">L\u1eddi Tuy\u00ean B\u1ed1 v\u1ec1 M\u1ed9t S\u1ed1 L\u1ebd Th\u1eadt c\u1ee7a Th\u00e1nh Kinh<\/a><\/li><li><a href=\"https:\/\/timhieutinlanh.com\/thanhoc\/mot-sai-lam-than-hoc\/\">M\u1ed9t Sai L\u1ea7m Th\u1ea7n H\u1ecdc<\/a><\/li><li><a href=\"https:\/\/timhieutinlanh.com\/thanhoc\/le-chuoc-toi\/\">L\u1ec5 Chu\u1ed9c T\u1ed9i<\/a><\/li><li><a href=\"https:\/\/timhieutinlanh.com\/thanhoc\/nhan-dinh-ve-loi-tien-tri-chua-den-trong-thang-muoi-nam-2025\/\">Nh\u1eadn \u0110\u1ecbnh v\u1ec1 L\u1eddi Ti\u00ean Tri Ch\u00faa \u0110\u1ebfn Trong Th\u00e1ng M\u01b0\u1eddi N\u0103m 2025<\/a><\/li><li><a href=\"https:\/\/timhieutinlanh.com\/thanhoc\/le-leu-trai-va-su-den-cua-duc-chua-jesus-christ\/\">L\u1ec5 L\u1ec1u Tr\u1ea1i v\u00e0 S\u1ef1 \u0110\u1ebfn c\u1ee7a \u0110\u1ee9c Ch\u00faa Jesus Christ<\/a><\/li><li><a href=\"https:\/\/timhieutinlanh.com\/thanhoc\/nhung-ngay-sau-cung-va-su-chua-den\/\">Nh\u1eefng Ng\u00e0y Sau C\u00f9ng v\u00e0 S\u1ef1 Ch\u00faa \u0110\u1ebfn<\/a><\/li><li><a href=\"https:\/\/timhieutinlanh.com\/thanhoc\/le-vuot-qua-y-nghia-va-su-ung-nghiem-trong-duc-chua-jesus-christ\/\">L\u1ec5 V\u01b0\u1ee3t Qua: \u00dd Ngh\u0129a v\u00e0 S\u1ef1 \u1ee8ng Nghi\u1ec7m Trong \u0110\u1ee9c Ch\u00faa Jesus Christ<\/a><\/li><li><a href=\"https:\/\/timhieutinlanh.com\/thanhoc\/dang-christ-la-chien-con-cua-le-vuot-qua\/\">\u0110\u1ea5ng Christ L\u00e0 Chi\u00ean Con c\u1ee7a L\u1ec5 V\u01b0\u1ee3t Qua<\/a><\/li><li><a href=\"https:\/\/timhieutinlanh.com\/thanhoc\/song-nep-song-nhu-banh-khong-men\/\">S\u1ed1ng N\u1ebfp S\u1ed1ng nh\u01b0 B\u00e1nh Kh\u00f4ng Men<\/a><\/li><li><a href=\"https:\/\/timhieutinlanh.com\/thanhoc\/hoi-thanh-la-bo-lua-dau-mua\/\">H\u1ed9i Th\u00e1nh L\u00e0 B\u00f3 L\u00faa \u0110\u1ea7u M\u00f9a<\/a><\/li><\/ul>\n","protected":false},"excerpt":{"rendered":"","protected":false},"author":2,"featured_media":0,"parent":0,"menu_order":0,"comment_status":"closed","ping_status":"closed","template":"","meta":{"footnotes":""},"class_list":["post-1165","page","type-page","status-publish","hentry"],"_links":{"self":[{"href":"https:\/\/timhieutinlanh.com\/thanhoc\/wp-json\/wp\/v2\/pages\/1165","targetHints":{"allow":["GET"]}}],"collection":[{"href":"https:\/\/timhieutinlanh.com\/thanhoc\/wp-json\/wp\/v2\/pages"}],"about":[{"href":"https:\/\/timhieutinlanh.com\/thanhoc\/wp-json\/wp\/v2\/types\/page"}],"author":[{"embeddable":true,"href":"https:\/\/timhieutinlanh.com\/thanhoc\/wp-json\/wp\/v2\/users\/2"}],"replies":[{"embeddable":true,"href":"https:\/\/timhieutinlanh.com\/thanhoc\/wp-json\/wp\/v2\/comments?post=1165"}],"version-history":[{"count":2,"href":"https:\/\/timhieutinlanh.com\/thanhoc\/wp-json\/wp\/v2\/pages\/1165\/revisions"}],"predecessor-version":[{"id":1232,"href":"https:\/\/timhieutinlanh.com\/thanhoc\/wp-json\/wp\/v2\/pages\/1165\/revisions\/1232"}],"wp:attachment":[{"href":"https:\/\/timhieutinlanh.com\/thanhoc\/wp-json\/wp\/v2\/media?parent=1165"}],"curies":[{"name":"wp","href":"https:\/\/api.w.org\/{rel}","templated":true}]}}